{"id":64,"date":"2021-03-08T22:00:34","date_gmt":"2021-03-08T22:00:34","guid":{"rendered":"https:\/\/grfive.com\/?page_id=64"},"modified":"2025-08-19T10:10:13","modified_gmt":"2025-08-19T10:10:13","slug":"g-r-five-gr-5-9","status":"publish","type":"page","link":"https:\/\/grfive.com\/?page_id=64","title":{"rendered":"The GR5 from Lake Geneva (Lac L\u00e9man) to La Chapelle d&#8217;Abondance"},"content":{"rendered":"\n<p>&nbsp;<\/p>\n\n\n\n<figure class=\"wp-block-table\"><table class=\"has-fixed-layout\"><tbody><tr><td><br><h2>Possible GR5 Starting Points on the Lake Geneva (Lac Leman) south shore, including the author&#8217;s more enjoyable and easier unofficial route.<\/h2><br><p>\u00a0<\/p><br><figure><img loading=\"lazy\" decoding=\"async\" width=\"1024\" height=\"563\" class=\"alignnone size-full wp-image-409\" src=\"https:\/\/grfive.com\/wp-content\/uploads\/2021\/03\/Three-starting-points-GR5.png\" alt=\"map of starting points\"><\/figure><br><h3>Introduction:<\/h3><br><p>Lac Leman (Lake Geneva), the largest natural lake in Western Europe, lies at an elevation of 374 meters (1,227 feet). Beautifully green mountains and hills surround most of the lake. French speaking Geneva and its airport lie at the southwestern tip of the lake.<\/p><br><p>Those walking southward on the entire GR5 will come to Lake Leman at Nyon on the north- western shore. Cruise boats cross the lake from Nyon, Lausanne and Geneva, and permit access to points on the south shore, including all trailheads for the GR5 southbound. For schedules, contact <a href=\"http:\/\/www.cgn.ch\/en\/\">http:\/\/www.cgn.ch\/<\/a>. Frequent Swiss trains connect to Geneva and other north shore points: <a href=\"http:\/\/www.sbb.ch\/en\/\">http:\/\/www.sbb.ch\/en\/<\/a>, and frequent French trains <a href=\"http:\/\/voyages.sncf.com\">http:\/\/voyages.sncf.com<\/a> connect Geneva to south shore points such as Thonon-Les-Bains and Evian-Les-Bains.<\/p><br><p>Since the GR 5 is normally only one trail, when there is more that one trail connecting two points, normally the extra trails are called <strong>variants<\/strong> and are numbered 5a, 5b etc., or, are given a different number beginning with 5 such as 52 or 56. \u00a0This normality is broken by the start of the Alpine crossing on the south shore of Lake Geneva: \u00a0The two starting points are both labeled GR5. Having hiked one of these routes and studied the other, I recommend yet another, unofficial, lake-shore starting point between the two. \u00a0I hiked that route the second time I walked this section of the GR5. I&#8217;ll cover these alternatives in turn, but first I must deal with an issue common to all of them.<\/p><br><p><em>When I refer here to hiking times on this page, \u00a0I am using the timescale found in the French Topo Guides \u2013 \u00a0climbing at 300 meters (1000 feet) per hour and walking 2.4 (kilometers per hour (1.5 mph) on the flat. The climbing rates from the starting points in the &#8220;GR5 Trail&#8221; guidebook by Paddy Dillion are in my estimation too high for typical walkers (especially since most walkers will be starting their hike at Lac Leman), as they are based on climbing at 400 to 500 meters an hour.<\/em><\/p><br><p>\u00a0<\/p><br><h3>The Three Starting Points:<\/h3><br><p><strong>Thonon-les-Bains starting point<\/strong><\/p><br><p><em>From this starting point it will take most hikers three days to reach La Chapelle d&#8217;Abondence.<\/em><\/p><br><p>One GR5 starts from Thonon-les-Bains, a resort town, easily accessible by train from Geneva or Paris, and also by lake steamer from Nyon, Lausanne or Geneva. It will take you approximately 12 1\/4 hours (without counting rest and meal stops) to walk from Thonon to the junction with the other GR5. To find lodging the first night, you will need to detour from the GR5 to one of the refuges or hotels at Les Clouz, Vinzier or Chevenoz (respectively 5\/1\/4, 5 1\/2 or 7 hours from Thonon). Thus, your total walking time to <strong>the junction of the other GR5 coming from St._Gingolph<\/strong> will be about <strong>13 hours<\/strong><\/p><br><p><strong>From this junction, another 3 1\/2 to 4 hours will take you to La Chapelle d&#8217;Abondance, where there are lodgings of all types, including many hotels.<\/strong><\/p><br><p>If you were to attempt to reach La Chapelle d&#8217;Abondance, in two days, you would have to walk 7 hours the first day and 9 or 10 hours the second, which on the second day would include a 1,100 meter (3,600 feet) ascent and a 900 meter (2,900 feet) descent.<\/p><br><p>On this route from Thonon-les-Bains, the refuge of the Dent d&#8217;Oche can be reached in 13 hours, including the detours for lodging..<\/p><br><p>The walk from Thonon-les-Bain has some views of the Drance river and occasionally of Lake Geneva. Mostly, however you are in a depression with limited views. After an initial slow climb, you descend to cross the Drance river, then climb again and stay relatively flat until Le Cr\u00eat. The first day you ascend in total about 600 meters (2,000 feet). The second day, assuming you are not going all the way to La Chapelle d&#8217;Abondance, you ascend 1,100 meters (3,600 feet) to the trail&#8217;s high point at the Col de Bise (or another 350 meters &#8211; 1,150 feet to the Dent d&#8217;Oche. That second day may be daunting for hikers not fully conditioned.<\/p><br><p><strong>St.-Gingolph starting point<\/strong><\/p><br><p><em>From this starting point, it will take most hikers two days to reach La Chapelle d&#8217;Abondence.<\/em><\/p><br><p>The second GR5 starts from a tiny commune that straddles the French-Swiss border, St.-Gingolph\u2014a town with only a few services and without much charm. Lodging is in modest hotels in the French part of the town, or in a fancier hotels in the Swiss part of town. For hotel contact information visit: <a href=\"http:\/\/www.st-gingolph.ch\/\">http:\/\/www.st-gingolph.ch\/<\/a>. If you are conditioned, this route will save you one day of walking.<\/p><br><p>Access by public transportation is possible by taking a morning train to Lausanne (which, incidently, is from Paris the fastest lake access point), taking a taxi to the Lausanne-Ouchy dock, and crossing the lake on a cruise boat. It is also possible from Geneva to take a train or cruise boat to Evian-les-Bains, and then a taxi or a bus on line 131 (\u00a0<a href=\"http:\/\/www.sat-leman.com\/img\/os_document\/885_ligne_131_thonon_saint_gingolph_du_13122020_au_11122021.pdf\">http:\/\/www.sat-leman.com\/img\/os_document\/885_ligne_131_thonon_saint_gingolph_du_13122020_au_11122021.pdf<\/a>\u00a0) for the 17 kilometer (10 mile) trip to St. Gingolph. A few trains arrive in St.-Gingolph from Monthey, which is on the Lausanne-Martigny line, if you are coming from points east.<\/p><br><p>The GR5 trail from the lake continuously ascends very steeply up a viewless ravine for 5 hours\u00a0<strong>(if your physical condition permits<\/strong>!) to the junction point with the other GR5 coming from Thonon-Les-Bains .. <strong>The elevation gain to the Col de Bise pass is 1,500 meters (4,900) feet if you are staying on the GR5. \u00a0If you are going to \u00a0the Dent D&#8217;Oche, it\u00a0ascends\u00a0about 1,850 meters or 6,070 feet.<\/strong><\/p><br><p>Because of the tremendous effort that may be required on the first day&#8217;s climb, many hikers may prefer, on the afternoon of their arrival in St.- Gingolph, to hike up to Novel, 2 hours i.e., some 600 meters (2,000 feet) above the lake. As of this writing in 2020 there is a\u00a0new hotel-restaurant, opened in 2017,:\u00a0<a href=\"https:\/\/www.les-chemins-du-leman.com\">https:\/\/www.les-chemins-du-leman.com<\/a><\/p><br><p>A side trip from the GR5 to the Dent d&#8217;Oche, which I highly recommend in good weather for its stupendous, unforgetable view of Lac L\u00e9man, requires a 6 1\/2 hours climb from Lac L\u00e9man. The times given above are the book times that assume that you are already in good shape. On my first trip on the GR5 from Lac L\u00e9man, (without full understanding and only in fair shape) I undertook this 6,070 foot ascent from the lake shore to the Dent d&#8217;Oche in 8 exhausting hours.<\/p><br><p>In order to go to the Dent d&#8217;Oche from Saint-Gingolph, one should branch off to the West onto the Balcon de Leman trail, which leads directly there without a major loss of altitude. (If one followed the GR5 to the junction from the other GR5 starting point, and then took that trail to the west, one would walk and extra 2 kilometers and descent and re-climb an extra 300 meters.)<\/p><br><p><strong>Evian-les-Bains, my unofficial, prefered starting point<\/strong><\/p><br><p><em>From Evian-les-Bains it will take average hikers three days to reach La Chapelle d&#8217;Abondence.<\/em><\/p><br><p>Lying midway between the two official GR5s, Evian is the starting point I prefer. It is obviously unsuitable for those who wish to say that they have walked &#8220;The GR5&#8221;, but just fine for those like me who wish to say that they &#8220;walked on or nearby the GR5 from Lake Geneva to the Mediterranean&#8221;. I prefer this route for three reasons: because Evian is charming; because, on the way, one has wonderful views of Lake Geneva and of highly attractive countryside; and because one can stay in a hotel or b&amp;b the first night (but not a gite or refuge). This route takes about 4 hours less than the Thonon-les-Bains GR5, and 4 hours more than the Saint-Gingolph GR5.<\/p><br><p><strong>Detailed maps of the route follow after the description<em>.<\/em><\/strong><\/p><br><p>Access to Evian &#8212; a town with considerable charm &#8212; is by train from Geneva or Paris, or by lake cruisship from Geneva, Nyon, or Lausanne.<\/p><br><figure><img loading=\"lazy\" decoding=\"async\" width=\"300\" height=\"441\" class=\"aligncenter\" src=\"https:\/\/grfive.com\/wp-content\/uploads\/2020\/09\/Above_Evian_300442.jpg\" alt=\"image\"><\/figure><br><p>To begin your alpine traverse, you climb for an hour on a waymarked route from the railway station, leading above the town, partly by a track, and then walk briefly east, parallel to the lake, with excellent views. You cut inland, not on trails but on countryside lanes, to a hotel of your choice in St-Paul-en-Chablais &#8211; Bernex area at about 950 meters (3,100 feet) elevation (2,000 feet above the lake) in about 3 1\/2 to 4 1\/2 hours of walking. \u00a0 An excellent website for researching hotels, B&amp;Bs and lift hours in the St-Paul-en-Chablais and Bernex area is\u00a0<a href=\"https:\/\/summer.bernex-tourisme.com\">\u00a0summer.bernex-tourisme.com<\/a>. \u00a0Some hotels sell out or require long stays, so I recommend calling your choice of lodging if you cannot reserve over the Internet. \u00a0We\u00a0enjoyed very much our stay at the Hotel Bois Joli** (St- Paul-en-Chablais address but near Bernex).<\/p><br><h5>In the photo below, on the plateau above Lake Leman, the Dent d&#8217;Oche is visible in the distance.<\/h5><br><figure><img loading=\"lazy\" decoding=\"async\" width=\"800\" height=\"537\" class=\"alignnone size-full wp-image-295\" src=\"https:\/\/grfive.com\/wp-content\/uploads\/2020\/09\/Chablais_800537.jpg\" alt=\"\" srcset=\"https:\/\/grfive.com\/wp-content\/uploads\/2020\/09\/Chablais_800537.jpg 800w, https:\/\/grfive.com\/wp-content\/uploads\/2020\/09\/Chablais_800537-300x201.jpg 300w, https:\/\/grfive.com\/wp-content\/uploads\/2020\/09\/Chablais_800537-768x516.jpg 768w\" sizes=\"auto, (max-width: 800px) 100vw, 800px\" \/><\/figure><br><p>\u00a0<\/p><br><p>On <strong>Day 2<\/strong> of this itinerary you have several choices. \u00a0We did not enjoy the route we took some years ago, so I now recommend the shorter and easer routes following the road from Bernex .<\/p><br><p>(A) If you are planning to go all the way to the Refuge de Bise, I suggest that you \u00a0climb up the trail from elevation 988m along the Telesi\u00e8ge de Pr\u00e9 Richard (chairlift) to its top station at elevation 1338 m, and then continue up to the GR5 at 1508 m. \u00a0The GR5 climbs steeply to 17772 m and then more gradually to a pass at 2069 m, before descending to the Refuge at 1500 meters. \u00a0Thus it will be altogether an 1100 meter climb (3,600 feet) and a 500 meter descent (1700 feet), and about an hours worth of relatively flat walking. \u00a0Perhaps it is a 7 hour day without stops. \u00a0Easygoers can\u00a0take the t\u00e9l\u00e9siege (chairlift) of Pr\u00e9 Richard (operational daily from the end of June until the end of September (perhaps on weekends in early June), weather permitting, from 10:00 AM to 5:15 PM for around 5 or 6 Euros) and walk from the top station, saving a climb of about 400 meters.<\/p><br><p>(B) If you are going to the Dent d&#8217;Oche refuge, which I highly recommend in good weather, I suggest that you continue up the trail and then the road to La F\u00e9tiu\u00e8re at 1215 meters. Easygoers may take a taxi to the parking lot at La F\u00e9tiu\u00e8re, saving a climb of about 250 meters plus time on the flat&#8230;thus more than an hour. \u00a0You could also take this route directly to the GR5 and the Chalet de Bise, but the views will be much more limited than the route suggested above. \u00a0The Dent d&#8217;Oche refuge is at 2113 meters, so the total climb is about 1,150 meters (3,800 feet). \u00a0The total time, without stops, to reach the Dent d&#8217;Oche should be about 4 to 5 hours.<\/p><br><h6>Day 1: Routes from Evian-les-Bains to Bernex:<\/h6><br><figure><img loading=\"lazy\" decoding=\"async\" width=\"1500\" height=\"1010\" class=\"alignnone size-full wp-image-412\" src=\"https:\/\/grfive.com\/wp-content\/uploads\/2021\/03\/Evian-to-Bernex.png\" alt=\"Alternative to GR5 from Evian-les-Bains\" srcset=\"https:\/\/grfive.com\/wp-content\/uploads\/2021\/03\/Evian-to-Bernex.png 1500w, https:\/\/grfive.com\/wp-content\/uploads\/2021\/03\/Evian-to-Bernex-768x517.png 768w\" sizes=\"auto, (max-width: 1500px) 100vw, 1500px\" \/><\/figure><br><h6>Day 2: Suggested routes from Bernex to the GR5 or to the Dent D&#8217;Oche :<\/h6><br><h3><figure><img loading=\"lazy\" decoding=\"async\" width=\"1800\" height=\"957\" class=\"alignnone size-full wp-image-411\" src=\"https:\/\/grfive.com\/wp-content\/uploads\/2021\/03\/From-Bernex-to-GR5-or-Dent-dOche.png\" alt=\"Route from Bernex to the GR5 or the Dent dOche\" srcset=\"https:\/\/grfive.com\/wp-content\/uploads\/2021\/03\/From-Bernex-to-GR5-or-Dent-dOche.png 1800w, https:\/\/grfive.com\/wp-content\/uploads\/2021\/03\/From-Bernex-to-GR5-or-Dent-dOche-768x408.png 768w, https:\/\/grfive.com\/wp-content\/uploads\/2021\/03\/From-Bernex-to-GR5-or-Dent-dOche-1536x817.png 1536w\" sizes=\"auto, (max-width: 1800px) 100vw, 1800px\" \/><\/figure><\/h3><br><br><h3>The issue of where to stay before La Chapelle d&#8217;Abondance:<\/h3><br><p>No matter which starting point you take, you will have to choose (on the second day from Thonon-les-Bains or on the first or second day from Saint-Gingolph) or the second day from Evian, whether to push on in a very long day to La Chapelle d&#8217;Abondance (without stops) 9 hours from Saint-Gingolph, over 10 hours from Chevenoz or Bernex), or to stop at an intermediate point. At the Col de Bise\u00a0<strong>The Refuge de Bise has reopened <a href=\"http:\/\/refugedebise.com\">http:\/\/refugedebise.com<\/a>, and has 44 sleeping places. \u00a0<\/strong>They can prepare meals or you can self-cater. It is a 300 \u00a0meter \u00a0(1,000 foot) climb plus an 800 meter (2,600 foot) descent. \u00a0Thus it will take about three hours. \u00a0If coming fromSt Gingolf via Novel, 600 meters above the lake (see details below)<span style=\"font-size: 16px; font-family: inherit;\">. From there the hiking time the next day to La Chapelle d&#8221;Abondance to 7 hours.<\/span><\/p><br><p><strong>Another logical intermediate lodging if coming from the lake or Chevenoz is the Dent d&#8217;Oche Refuge\u00a0at 2,114 meters (6,935 feet)\u00a0<\/strong>(6 hours roughly without stops from either Saint-Gingolf or from Chevenoz if you are in great shape, 4 to 5 hours on the Evian-les-Bains route). This is a full service refuge with an incredible view over Lake Geneva (Lac Leman) and to Mount Blanc in good weather. In bad weather it would be unwise to visit. \u00a0Since it is at high altitude, the meal choices are limited, but the food is fine. <strong>Getting there involves climbing an extra 300 meters, the last of part of which is somewhat steep, and involves using ones hands a bit.<\/strong> There is a chain to hold on to on the steepest part. If you have acrophobia, don&#8217;t go to this refuge. However I have seen young children and grand parents making the climb without a problem. From the refuge, for those with remaining energy, there is a 100 meter climb to the summit towering above. Allow 6 or 7 hours without stops to reach La Chapelle d&#8217;Abondance from the Dent d&#8217;Oche. \u00a0<strong>My own visit to this refuge remains a visual high point of all my hiking.<\/strong><\/p><br><h6>View over Evian-les-Bains and Lake Geneva from an outcrop\u00a0near the Dent D&#8217;Oche.<\/h6><br><figure><img loading=\"lazy\" decoding=\"async\" width=\"800\" height=\"543\" src=\"https:\/\/grfive.com\/wp-content\/uploads\/2020\/09\/Dent_Oche_800543.jpg\" alt=\"\"><\/figure><br><h6>Looking south to Mt. Blanc from the Dent d&#8217;Oche:<\/h6><br><figure><img loading=\"lazy\" decoding=\"async\" width=\"800\" height=\"531\" class=\"alignnone size-full wp-image-263\" src=\"https:\/\/grfive.com\/wp-content\/uploads\/2020\/09\/South_800531.jpg\" alt=\"\" srcset=\"https:\/\/grfive.com\/wp-content\/uploads\/2020\/09\/South_800531.jpg 800w, https:\/\/grfive.com\/wp-content\/uploads\/2020\/09\/South_800531-300x199.jpg 300w, https:\/\/grfive.com\/wp-content\/uploads\/2020\/09\/South_800531-768x510.jpg 768w\" sizes=\"auto, (max-width: 800px) 100vw, 800px\" \/><\/figure><br><br><p><a href=\"https:\/\/grfive.com\/?page_id=60\">Next page: \u00a0La Chapelle d&#8217;Abondance to Chamonix<\/a><\/p><br><p>\u00a0<\/p><\/td><\/tr><\/tbody><\/table><\/figure>\n","protected":false},"excerpt":{"rendered":"<p>&nbsp; Possible GR5 Starting Points on the Lake Geneva (Lac Leman) south shore, including the author&#8217;s more enjoyable and easier unofficial route. \u00a0 Introduction: Lac Leman (Lake Geneva), the largest natural lake in Western Europe, lies at an elevation of 374 meters (1,227 feet). Beautifully green mountains and hills surround most of the lake. French [&hellip;]<\/p>\n","protected":false},"author":1,"featured_media":0,"parent":0,"menu_order":0,"comment_status":"closed","ping_status":"closed","template":"","meta":{"site-sidebar-layout":"default","site-content-layout":"default","ast-site-content-layout":"default","site-content-style":"default","site-sidebar-style":"default","ast-global-header-display":"","ast-banner-title-visibility":"","ast-main-header-display":"","ast-hfb-above-header-display":"","ast-hfb-below-header-display":"","ast-hfb-mobile-header-display":"","site-post-title":"","ast-breadcrumbs-content":"","ast-featured-img":"","footer-sml-layout":"","theme-transparent-header-meta":"default","adv-header-id-meta":"","stick-header-meta":"","header-above-stick-meta":"","header-main-stick-meta":"","header-below-stick-meta":"","astra-migrate-meta-layouts":"set","ast-page-background-enabled":"default","ast-page-background-meta":{"desktop":{"background-color":"","background-image":"","background-repeat":"repeat","background-position":"center center","background-size":"auto","background-attachment":"scroll","background-type":"","background-media":"","overlay-type":"","overlay-color":"","overlay-opacity":"","overlay-gradient":""},"tablet":{"background-color":"","background-image":"","background-repeat":"repeat","background-position":"center center","background-size":"auto","background-attachment":"scroll","background-type":"","background-media":"","overlay-type":"","overlay-color":"","overlay-opacity":"","overlay-gradient":""},"mobile":{"background-color":"","background-image":"","background-repeat":"repeat","background-position":"center center","background-size":"auto","background-attachment":"scroll","background-type":"","background-media":"","overlay-type":"","overlay-color":"","overlay-opacity":"","overlay-gradient":""}},"ast-content-background-meta":{"desktop":{"background-color":"var(--ast-global-color-5)","background-image":"","background-repeat":"repeat","background-position":"center center","background-size":"auto","background-attachment":"scroll","background-type":"","background-media":"","overlay-type":"","overlay-color":"","overlay-opacity":"","overlay-gradient":""},"tablet":{"background-color":"var(--ast-global-color-5)","background-image":"","background-repeat":"repeat","background-position":"center center","background-size":"auto","background-attachment":"scroll","background-type":"","background-media":"","overlay-type":"","overlay-color":"","overlay-opacity":"","overlay-gradient":""},"mobile":{"background-color":"var(--ast-global-color-5)","background-image":"","background-repeat":"repeat","background-position":"center center","background-size":"auto","background-attachment":"scroll","background-type":"","background-media":"","overlay-type":"","overlay-color":"","overlay-opacity":"","overlay-gradient":""}},"footnotes":""},"class_list":["post-64","page","type-page","status-publish","hentry"],"_links":{"self":[{"href":"https:\/\/grfive.com\/index.php?rest_route=\/wp\/v2\/pages\/64","targetHints":{"allow":["GET"]}}],"collection":[{"href":"https:\/\/grfive.com\/index.php?rest_route=\/wp\/v2\/pages"}],"about":[{"href":"https:\/\/grfive.com\/index.php?rest_route=\/wp\/v2\/types\/page"}],"author":[{"embeddable":true,"href":"https:\/\/grfive.com\/index.php?rest_route=\/wp\/v2\/users\/1"}],"replies":[{"embeddable":true,"href":"https:\/\/grfive.com\/index.php?rest_route=%2Fwp%2Fv2%2Fcomments&post=64"}],"version-history":[{"count":19,"href":"https:\/\/grfive.com\/index.php?rest_route=\/wp\/v2\/pages\/64\/revisions"}],"predecessor-version":[{"id":664,"href":"https:\/\/grfive.com\/index.php?rest_route=\/wp\/v2\/pages\/64\/revisions\/664"}],"wp:attachment":[{"href":"https:\/\/grfive.com\/index.php?rest_route=%2Fwp%2Fv2%2Fmedia&parent=64"}],"curies":[{"name":"wp","href":"https:\/\/api.w.org\/{rel}","templated":true}]}}